225?
5, 754249
List the prime factors of 844550993.
11, 13, 89, 66359
List the prime factors of 1196881885.
5, 3677, 65101
What are the prime factors of 500991714?
2, 3, 101, 275573
List the prime factors of 88523570.
2, 5, 8852357
List the prime factors of 1368162145.
5, 7, 29, 137, 9839
What are the prime factors of 336663775?
5, 7, 1923793
What are the prime factors of 1883864174?
2, 19, 23, 2155451
What are the prime factors of 302878387?
7, 47, 73, 12611
What are the prime factors of 50954093?
61, 835313
List the prime factors of 3309158907.
3, 347, 353203
What are the prime factors of 1331690177?
43, 283, 109433
What are the prime factors of 40423534?
2, 20211767
What are the prime factors of 49360633?
7, 607, 11617
List the prime factors of 1243321292.
2, 29, 10718287
List the prime factors of 290989252.
2, 131, 149, 3727
What are the prime factors of 31606122?
2, 3, 229, 23003
List the prime factors of 209216959.
7, 29888137
What are the prime factors of 52619936?
2, 1644373
List the prime factors of 1613451682.
2, 806725841
List the prime factors of 5929094176.
2, 185284193
List the prime factors of 253071275.
5, 10122851
List the prime factors of 231586673.
269, 860917
What are the prime factors of 7071930172?
2, 337, 1951, 2689
What are the prime factors of 96868817?
96868817
List the prime factors of 87487414.
2, 7, 6249101
List the prime factors of 174404004.
2, 3, 14533667
List the prime factors of 55966933.
11, 149, 34147
List the prime factors of 57435517.
53, 1083689
List the prime factors of 2221682151.
3, 13, 47, 1212047
What are the prime factors of 14744502?
2, 3, 41, 19979
List the prime factors of 37913859.
3, 17, 82601
List the prime factors of 38379343.
197, 194819
What are the prime factors of 41220866?
2, 20610433
What are the prime factors of 45307838?
2, 23, 227, 4339
List the prime factors of 72887698.
2, 13, 1087, 2579
What are the prime factors of 131546265?
3, 5, 53, 337, 491
List the prime factors of 106352674.
2, 43, 1236659
List the prime factors of 51697263.
3, 17232421
List the prime factors of 150420088.
2, 7, 13, 367, 563
List the prime factors of 218526718.
2, 109263359
List the prime factors of 25809111.
3, 17, 18743
List the prime factors of 461310803.
41, 1091, 10313
List the prime factors of 24164988.
2, 3, 2013749
What are the prime factors of 342847668?
2, 3, 433, 65983
List the prime factors of 4946887884.
2, 3, 412240657
What are the prime factors of 424342350?
2, 3, 5, 942983
List the prime factors of 331938945.
3, 5, 13, 189139
What are the prime factors of 506235765?
3, 5, 7, 4821293
What are the prime factors of 46856899?
46856899
What are the prime factors of 876793916?
2, 929, 235951
List the prime factors of 624000727.
7, 421, 211741
List the prime factors of 221709904.
2, 13, 47, 22679
List the prime factors of 557226901.
7, 11, 17, 38699
What are the prime factors of 126793435?
5, 25358687
List the prime factors of 297443036.
2, 11, 571, 11839
List the prime factors of 117646482.
2, 3, 3727, 5261
What are the prime factors of 123574869?
3, 11, 416077
What are the prime factors of 39286823?
113, 347671
What are the prime factors of 27359216?
2, 1709951
List the prime factors of 3763141992.
2, 3, 233, 224317
What are the prime factors of 518010928?
2, 349, 92767
List the prime factors of 8875224109.
8875224109
List the prime factors of 206242969.
31, 149, 44651
List the prime factors of 110620303.
79, 271, 5167
List the prime factors of 789970243.
43, 3251, 5651
What are the prime factors of 509023497?
3, 169674499
What are the prime factors of 623136581?
17, 36655093
List the prime factors of 48669269.
11, 67, 66037
List the prime factors of 368906744.
2, 661, 69763
List the prime factors of 19526352.
2, 3, 331, 1229
What are the prime factors of 388660817?
17, 22862401
What are the prime factors of 3314743?
199, 16657
List the prime factors of 11217522.
2, 3, 457, 4091
What are the prime factors of 7878344162?
2, 13, 127, 2385931
List the prime factors of 1994066606.
2, 7, 19, 43, 174337
What are the prime factors of 108302233?
13, 251, 33191
What are the prime factors of 199785613?
23, 2221, 3911
List the prime factors of 2214140815.
5, 2749, 161087
What are the prime factors of 7988232440?
2, 5, 3517, 56783
List the prime factors of 38622566.
2, 23, 839621
List the prime factors of 903682896.
2, 3, 79, 238313
List the prime factors of 3299893443.
3, 7, 11, 17, 280103
List the prime factors of 98334365.
5, 3457, 5689
List the prime factors of 2119514479.
61, 34746139
List the prime factors of 75929821.
11, 6902711
What are the prime factors of 3508571006?
2, 1754285503
List the prime factors of 55822307.
37, 1508711
What are the prime factors of 2169861727?
11, 13711, 14387
List the prime factors of 553879179.
3, 7, 8791733
List the prime factors of 2686290457.
2686290457
List the prime factors of 4208098682.
2, 19, 110739439
List the prime factors of 3496784199.
3, 3229, 360977
What are the prime factors of 206657449?
47, 103, 42689
What are the prime factors of 2054435220?
2, 3, 5, 1601, 7129
List the prime factors of 2482754257.
31, 80088847
What are the prime factors of 2251643806?
2, 37, 277, 109847
What are the prime factors of 30234510?
2, 3, 5, 19, 17681
What are the prime factors of 135734036?
2, 29, 157, 257
List the prime factors of 106947531.
3, 11883059
What are the prime factors of 818256092?
2, 173, 1182451
List the prime factors of 230066142.
2, 3, 1429, 26833
What are the prime factors of 131941424?
2, 419, 19681
What are the prime factors of 144053500?
2, 5, 41, 7027
What are the prime factors of 363353500?
2, 5, 726707
What are the prime factors of 1024623253?
31, 33052363
List the prime factors of 708491429.
37, 19148417
What are the prime factors of 376573111?
12547, 30013
What are the prime factors of 29595375?
3, 5, 37, 79
What are the prime factors of 329879257?
67, 4923571
List the prime factors of 49351280.
2, 5, 11, 56081
List the prime factors of 636130565.
5, 7, 17, 1069127
What are the prime factors of 308628943?
7, 83, 531203
What are the prime factors of 3631433287?
3631433287
List the prime factors of 58594935.
3, 5, 7, 29, 2749
List the prime factors of 3012339856.
2, 188271241
What are the prime factors of 66259159?
23, 353, 8161
What are the prime factors of 88388631?
3, 97, 33749
What are the prime factors of 109993960?
2, 5, 2749849
What are the prime factors of 341640102?
2, 3, 19, 67, 44729
List the prime factors of 418586196.
2, 3, 7, 4983169
List the prime factors of 15297644.
2, 487, 7853
List the prime factors of 1894647.
3, 631549
What are the prime factors of 566379643?
241, 2350123
What are the prime factors of 218036662?
2, 17, 131, 48953
List the prime factors of 72542254.
2, 36271127
List the prime factors of 100309723.
71, 1412813
What are the prime factors of 2970980458?
2, 29, 41, 1249361
List the prime factors of 186481669.
11, 43, 109, 3617
What are the prime factors of 1026560456?
2, 73, 1757809
What are the prime factors of 1578270836?
2, 394567709
List the prime factors of 6984324872.
2, 7, 2531, 49277
List the prime factors of 526176771.
3, 101, 1736557
List the prime factors of 1289037127.
7, 184148161
List the prime factors of 53828144.
2, 3364259
What are the prime factors of 327390207?
3, 41, 67, 39727
List the prime factors of 475773192.
2, 3, 6607961
What are the prime factors of 509255664?
2, 3, 10609493
List the prime factors of 2808437529.
3, 31, 37, 816169
What are the prime factors of 2378443370?
2, 5, 19, 53, 251, 941
What are the prime factors of 404716889?
1907, 212227
List the prime factors of 94559354.
2, 47279677
What are the prime factors of 536923464?
2, 3, 7, 11, 61, 433
List the prime factors of 4744176275.
5, 1889, 100459
What are the prime factors of 160756310?
2, 5, 11, 13, 79, 1423
List the prime factors of 706061423.
706061423
What are the prime factors of 364468583?
19, 19182557
What are the prime factors of 605430109?
605430109
What are the prime factors of 23158357?
47, 492731
List the prime factors of 421079294.
2, 193, 1090879
What are the prime factors of 39923155?
5, 7984631
What are the prime factors of 673816637?
13, 353, 146833
List the prime factors of 299843233.
299843233
What are the 